{"id":5206,"date":"2017-10-31T18:02:30","date_gmt":"2017-10-31T17:02:30","guid":{"rendered":"https:\/\/www.syneval.fr\/?page_id=5206"},"modified":"2023-11-24T01:24:35","modified_gmt":"2023-11-24T00:24:35","slug":"doit-on-controler-les-comptes-avant-lassemblee","status":"publish","type":"page","link":"https:\/\/preprod.syneval.com\/preprod\/doit-on-controler-les-comptes-avant-lassemblee\/","title":{"rendered":"Doit-on contr\u00f4ler les comptes avant l\u2019assembl\u00e9e ?"},"content":{"rendered":"\t\t<div data-elementor-type=\"wp-page\" data-elementor-id=\"5206\" class=\"elementor elementor-5206\">\n\t\t\t\t\t\t\t\t\t<section class=\"elementor-section elementor-top-section elementor-element elementor-element-8d3b154 elementor-section-boxed elementor-section-height-default elementor-section-height-default\" data-id=\"8d3b154\" data-element_type=\"section\">\n\t\t\t\t\t\t<div class=\"elementor-container elementor-column-gap-default\">\n\t\t\t\t\t<div class=\"elementor-column elementor-col-100 elementor-top-column elementor-element elementor-element-50d824b1\" data-id=\"50d824b1\" data-element_type=\"column\">\n\t\t\t<div class=\"elementor-widget-wrap elementor-element-populated\">\n\t\t\t\t\t\t\t\t<div class=\"elementor-element elementor-element-32690c2c elementor-widget elementor-widget-text-editor\" data-id=\"32690c2c\" data-element_type=\"widget\" data-widget_type=\"text-editor.default\">\n\t\t\t\t<div class=\"elementor-widget-container\">\n\t\t\t<style>\/*! elementor - v3.18.0 - 20-12-2023 *\/\n.elementor-widget-text-editor.elementor-drop-cap-view-stacked .elementor-drop-cap{background-color:#69727d;color:#fff}.elementor-widget-text-editor.elementor-drop-cap-view-framed .elementor-drop-cap{color:#69727d;border:3px solid;background-color:transparent}.elementor-widget-text-editor:not(.elementor-drop-cap-view-default) .elementor-drop-cap{margin-top:8px}.elementor-widget-text-editor:not(.elementor-drop-cap-view-default) .elementor-drop-cap-letter{width:1em;height:1em}.elementor-widget-text-editor .elementor-drop-cap{float:left;text-align:center;line-height:1;font-size:50px}.elementor-widget-text-editor .elementor-drop-cap-letter{display:inline-block}<\/style>\t\t\t\t<p>C\u2019est en effet vivement recommand\u00e9 ! Avant de notifier la demande de candidature d\u2019un nouveau syndic, le conseil syndical doit au pr\u00e9alable r\u00e9aliser un contr\u00f4le des comptes a n de s\u2019assurer de la r\u00e9gularit\u00e9 de la situation comptable.<br>Ce contr\u00f4le a pour objectif de v\u00e9rifier qu\u2019il n\u2019y ait pas d\u2019op\u00e9rations comptables ou paiements irr\u00e9guliers enregistr\u00e9s dans la comptabilit\u00e9 du syndicat. Cela permettra \u00e9ventuellement de r\u00e9clamer un certain nombre de modifications avant que la convocation ne soit envoy\u00e9e \u00e0 tous les copropri\u00e9taires et ainsi valider les comptes lors de l\u2019AG.<\/p><br>\t\t\t\t\t\t<\/div>\n\t\t\t\t<\/div>\n\t\t\t\t\t<\/div>\n\t\t<\/div>\n\t\t\t\t\t\t\t<\/div>\n\t\t<\/section>\n\t\t\t\t<section class=\"elementor-section elementor-top-section elementor-element elementor-element-d9be7a elementor-section-boxed elementor-section-height-default elementor-section-height-default\" data-id=\"d9be7a\" data-element_type=\"section\">\n\t\t\t\t\t\t<div class=\"elementor-container elementor-column-gap-default\">\n\t\t\t\t\t<div class=\"elementor-column elementor-col-100 elementor-top-column elementor-element elementor-element-38474a4f\" data-id=\"38474a4f\" data-element_type=\"column\">\n\t\t\t<div class=\"elementor-widget-wrap elementor-element-populated\">\n\t\t\t\t\t\t\t\t<div class=\"elementor-element elementor-element-7d46707 elementor-widget elementor-widget-heading\" data-id=\"7d46707\" data-element_type=\"widget\" data-widget_type=\"heading.default\">\n\t\t\t\t<div class=\"elementor-widget-container\">\n\t\t\t<style>\/*! elementor - v3.18.0 - 20-12-2023 *\/\n.elementor-heading-title{padding:0;margin:0;line-height:1}.elementor-widget-heading .elementor-heading-title[class*=elementor-size-]>a{color:inherit;font-size:inherit;line-height:inherit}.elementor-widget-heading .elementor-heading-title.elementor-size-small{font-size:15px}.elementor-widget-heading .elementor-heading-title.elementor-size-medium{font-size:19px}.elementor-widget-heading .elementor-heading-title.elementor-size-large{font-size:29px}.elementor-widget-heading .elementor-heading-title.elementor-size-xl{font-size:39px}.elementor-widget-heading .elementor-heading-title.elementor-size-xxl{font-size:59px}<\/style><h2 class=\"elementor-heading-title elementor-size-default\">Ce qu'il faut retenir<\/h2>\t\t<\/div>\n\t\t\t\t<\/div>\n\t\t\t\t<div class=\"elementor-element elementor-element-194d5118 elementor-widget elementor-widget-text-editor\" data-id=\"194d5118\" data-element_type=\"widget\" data-widget_type=\"text-editor.default\">\n\t\t\t\t<div class=\"elementor-widget-container\">\n\t\t\t\t\t\t\t<ul><li>Informer les copropri\u00e9taires de l\u2019identit\u00e9 du syndic retenu.<\/li><li>Collecter les pouvoirs des personnes ne pouvant se d\u00e9placer.<\/li><li>Contr\u00f4ler les comptes avant l\u2019AG.<\/li><\/ul><p>Pour comprendre comment <b><a href=\"https:\/\/www.syneval.fr\/comment-changer-de-syndic\/\" target=\"_blank\" rel=\"noopener\">changer de syndic<\/a><\/b>, vous pouvez aussi consulter les pages suivantes\u00a0:<\/p><ul><li><a href=\"https:\/\/www.syneval.fr\/comment-notifier-la-candidature-dun-nouveau-syndic\" target=\"_blank\" rel=\"noopener\">Comment notifier la candidature d\u2019un nouveau syndic <\/a><\/li><li><a href=\"https:\/\/www.syneval.fr\/quel-lieu-pour-lassemblee-generale\" target=\"_blank\" rel=\"noopener\">Quel lieu pour l\u2019assembl\u00e9e g\u00e9n\u00e9rale ?<\/a><\/li><li><a href=\"https:\/\/www.syneval.fr\/que-faire-si-le-syndic-refuse-de-convoquer-lag\" target=\"_blank\" rel=\"noopener\">Que faire si le syndic refuse de convoquer l\u2019Assembl\u00e9e G\u00e9n\u00e9rale ?<\/a><\/li><li><a href=\"https:\/\/www.syneval.fr\/qui-informer-au-sein-de-la-copropriete\" target=\"_blank\" rel=\"noopener\">Qui informer au sein de la copropri\u00e9t\u00e9 ?<\/a><\/li><li><a href=\"https:\/\/www.syneval.fr\/comment-sassurer-de-la-participation-en-assemblee-generale\" target=\"_blank\" rel=\"noopener\">Comment s\u2019assurer de la participation en Assembl\u00e9e G\u00e9n\u00e9rale\u00a0?<\/a><\/li><\/ul>\t\t\t\t\t\t<\/div>\n\t\t\t\t<\/div>\n\t\t\t\t\t<\/div>\n\t\t<\/div>\n\t\t\t\t\t\t\t<\/div>\n\t\t<\/section>\n\t\t\t\t\t\t\t<\/div>\n\t\t","protected":false},"excerpt":{"rendered":"<p>C\u2019est en effet vivement recommand\u00e9 ! Avant de notifier la demande de candidature d\u2019un nouveau syndic, le conseil syndical doit au pr\u00e9alable r\u00e9aliser un contr\u00f4le des comptes a n de s\u2019assurer de la r\u00e9gularit\u00e9 de la situation comptable.Ce contr\u00f4le a pour objectif de v\u00e9rifier qu\u2019il n\u2019y ait pas d\u2019op\u00e9rations comptables ou paiements irr\u00e9guliers enregistr\u00e9s dans &hellip; <\/p>\n<p class=\"link-more\"><a href=\"https:\/\/preprod.syneval.com\/preprod\/doit-on-controler-les-comptes-avant-lassemblee\/\" class=\"more-link\">Lire la suite de<span class=\"screen-reader-text\">\u00ab\u00a0Doit-on contr\u00f4ler les comptes avant l\u2019assembl\u00e9e ?\u00a0\u00bb<\/span><\/a><\/p>\n","protected":false},"author":2,"featured_media":0,"parent":0,"menu_order":0,"comment_status":"closed","ping_status":"closed","template":"","meta":{"footnotes":""},"class_list":["post-5206","page","type-page","status-publish","hentry"],"_links":{"self":[{"href":"https:\/\/preprod.syneval.com\/preprod\/wp-json\/wp\/v2\/pages\/5206","targetHints":{"allow":["GET"]}}],"collection":[{"href":"https:\/\/preprod.syneval.com\/preprod\/wp-json\/wp\/v2\/pages"}],"about":[{"href":"https:\/\/preprod.syneval.com\/preprod\/wp-json\/wp\/v2\/types\/page"}],"author":[{"embeddable":true,"href":"https:\/\/preprod.syneval.com\/preprod\/wp-json\/wp\/v2\/users\/2"}],"replies":[{"embeddable":true,"href":"https:\/\/preprod.syneval.com\/preprod\/wp-json\/wp\/v2\/comments?post=5206"}],"version-history":[{"count":10,"href":"https:\/\/preprod.syneval.com\/preprod\/wp-json\/wp\/v2\/pages\/5206\/revisions"}],"predecessor-version":[{"id":14371,"href":"https:\/\/preprod.syneval.com\/preprod\/wp-json\/wp\/v2\/pages\/5206\/revisions\/14371"}],"wp:attachment":[{"href":"https:\/\/preprod.syneval.com\/preprod\/wp-json\/wp\/v2\/media?parent=5206"}],"curies":[{"name":"wp","href":"https:\/\/api.w.org\/{rel}","templated":true}]}}