{"id":1190,"date":"2011-10-24T22:20:32","date_gmt":"2011-10-24T20:20:32","guid":{"rendered":"http:\/\/www.syneval.com\/?page_id=1190"},"modified":"2024-01-03T08:44:57","modified_gmt":"2024-01-03T07:44:57","slug":"honoraires","status":"publish","type":"page","link":"https:\/\/preprod.syneval.com\/preprod\/changer-de-syndic-de-copropriete\/honoraires\/","title":{"rendered":"Honoraires"},"content":{"rendered":"\t\t<div data-elementor-type=\"wp-page\" data-elementor-id=\"1190\" class=\"elementor elementor-1190\">\n\t\t\t\t\t\t\t\t\t<section class=\"elementor-section elementor-top-section elementor-element elementor-element-1f851e3e elementor-section-boxed elementor-section-height-default elementor-section-height-default\" data-id=\"1f851e3e\" data-element_type=\"section\">\n\t\t\t\t\t\t<div class=\"elementor-container elementor-column-gap-default\">\n\t\t\t\t\t<div class=\"elementor-column elementor-col-100 elementor-top-column elementor-element elementor-element-29161aeb\" data-id=\"29161aeb\" data-element_type=\"column\">\n\t\t\t<div class=\"elementor-widget-wrap elementor-element-populated\">\n\t\t\t\t\t\t\t\t<div class=\"elementor-element elementor-element-4c12f856 elementor-widget elementor-widget-text-editor\" data-id=\"4c12f856\" data-element_type=\"widget\" data-widget_type=\"text-editor.default\">\n\t\t\t\t<div class=\"elementor-widget-container\">\n\t\t\t<style>\/*! elementor - v3.18.0 - 20-12-2023 *\/\n.elementor-widget-text-editor.elementor-drop-cap-view-stacked .elementor-drop-cap{background-color:#69727d;color:#fff}.elementor-widget-text-editor.elementor-drop-cap-view-framed .elementor-drop-cap{color:#69727d;border:3px solid;background-color:transparent}.elementor-widget-text-editor:not(.elementor-drop-cap-view-default) .elementor-drop-cap{margin-top:8px}.elementor-widget-text-editor:not(.elementor-drop-cap-view-default) .elementor-drop-cap-letter{width:1em;height:1em}.elementor-widget-text-editor .elementor-drop-cap{float:left;text-align:center;line-height:1;font-size:50px}.elementor-widget-text-editor .elementor-drop-cap-letter{display:inline-block}<\/style>\t\t\t\t<p style=\"text-align: justify;\" align=\"JUSTIFY\">Le co\u00fbt de la prestation de conseil r\u00e9alis\u00e9e par Syneval est partag\u00e9 entre la copropri\u00e9t\u00e9 et le syndic retenu. La r\u00e9partition de ces honoraires est fonction des caract\u00e9ristiques de la copropri\u00e9t\u00e9. De telle sorte que pour certaines copropri\u00e9t\u00e9s la prestation est enti\u00e8rement \u00e0 la charge du syndic, alors que pour d\u2019autres, c\u2019est le syndicat des copropri\u00e9taires qui assume l\u2019int\u00e9gralit\u00e9 des honoraires de Syneval.<\/p>\n<p style=\"text-align: justify;\" align=\"JUSTIFY\"><u><b>Les honoraires \u00e0 la charge de la&nbsp;copropri\u00e9t\u00e9 sont compris entre&nbsp;0 et 900 euros TTC.<\/b><\/u><\/p>\n<p style=\"text-align: justify;\" align=\"JUSTIFY\">On estime <b>que 50% de nos interventions sont enti\u00e8rement \u00e0 la charge des syndics s\u00e9lectionn\u00e9s.<\/b> Ces derniers acceptent de prendre en charge le co\u00fbt de la prestation r\u00e9alis\u00e9e par Syneval car notre intervention leur fait gagner du temps (notamment l\u2019analyse d\u00e9taill\u00e9e de la copropri\u00e9t\u00e9) et leur permet d\u2019\u00eatre mis en relation avec des copropri\u00e9taires impliqu\u00e9s dans la vie de leur immeuble<\/p>\n<p style=\"text-align: justify;\" align=\"JUSTIFY\">Il est important de noter que <b>la facturation de notre prestation est toujours forfaitaire et fonction notamment de la taille de la copropri\u00e9t\u00e9. <\/b>Enfin, le co\u00fbt de la prestation r\u00e9alis\u00e9e par Syneval ne varie pas en fonction du syndic s\u00e9lectionn\u00e9, si bien que Syneval n\u2019a aucun int\u00e9r\u00eat \u00e0 retenir un syndic plut\u00f4t qu\u2019un autre.<\/p>\n<p style=\"text-align: justify;\" align=\"JUSTIFY\">Ce m\u00e9canisme de r\u00e9mun\u00e9ration garantit aux copropri\u00e9taires la r\u00e9alisation d\u2019une intervention totalement ind\u00e9pendante. Ainsi le processus de s\u00e9lection mis en place par Syneval ne repose que sur les seuls crit\u00e8res de s\u00e9lection d\u00e9finis par le conseil syndical.<\/p>\n<p style=\"text-align: center;\" align=\"JUSTIFY\"><u><b>Vous souhaitez recevoir une proposition d&rsquo;assistance de notre part ?<\/b><\/u><\/p>\t\t\t\t\t\t<\/div>\n\t\t\t\t<\/div>\n\t\t\t\t<div class=\"elementor-element elementor-element-4b3ecb5 elementor-align-center elementor-widget elementor-widget-button\" data-id=\"4b3ecb5\" data-element_type=\"widget\" data-widget_type=\"button.default\">\n\t\t\t\t<div class=\"elementor-widget-container\">\n\t\t\t\t\t<div class=\"elementor-button-wrapper\">\n\t\t\t<a class=\"elementor-button elementor-button-link elementor-size-sm\" href=\"https:\/\/preprod.syneval.com\/preprod\/contacts\/\">\n\t\t\t\t\t\t<span class=\"elementor-button-content-wrapper\">\n\t\t\t\t\t\t<span class=\"elementor-button-text\">Remplir le formulaire de contact<\/span>\n\t\t<\/span>\n\t\t\t\t\t<\/a>\n\t\t<\/div>\n\t\t\t\t<\/div>\n\t\t\t\t<\/div>\n\t\t\t\t\t<\/div>\n\t\t<\/div>\n\t\t\t\t\t\t\t<\/div>\n\t\t<\/section>\n\t\t\t\t\t\t\t<\/div>\n\t\t","protected":false},"excerpt":{"rendered":"<p>Le co\u00fbt de la prestation de conseil r\u00e9alis\u00e9e par Syneval est partag\u00e9 entre la copropri\u00e9t\u00e9 et le syndic retenu. La r\u00e9partition de ces honoraires est fonction des caract\u00e9ristiques de la copropri\u00e9t\u00e9. De telle sorte que pour certaines copropri\u00e9t\u00e9s la prestation est enti\u00e8rement \u00e0 la charge du syndic, alors que pour d\u2019autres, c\u2019est le syndicat des &hellip; <\/p>\n<p class=\"link-more\"><a href=\"https:\/\/preprod.syneval.com\/preprod\/changer-de-syndic-de-copropriete\/honoraires\/\" class=\"more-link\">Lire la suite de<span class=\"screen-reader-text\">\u00ab\u00a0Honoraires\u00a0\u00bb<\/span><\/a><\/p>\n","protected":false},"author":1,"featured_media":0,"parent":9428,"menu_order":3,"comment_status":"closed","ping_status":"closed","template":"","meta":{"footnotes":""},"class_list":["post-1190","page","type-page","status-publish","hentry"],"_links":{"self":[{"href":"https:\/\/preprod.syneval.com\/preprod\/wp-json\/wp\/v2\/pages\/1190","targetHints":{"allow":["GET"]}}],"collection":[{"href":"https:\/\/preprod.syneval.com\/preprod\/wp-json\/wp\/v2\/pages"}],"about":[{"href":"https:\/\/preprod.syneval.com\/preprod\/wp-json\/wp\/v2\/types\/page"}],"author":[{"embeddable":true,"href":"https:\/\/preprod.syneval.com\/preprod\/wp-json\/wp\/v2\/users\/1"}],"replies":[{"embeddable":true,"href":"https:\/\/preprod.syneval.com\/preprod\/wp-json\/wp\/v2\/comments?post=1190"}],"version-history":[{"count":16,"href":"https:\/\/preprod.syneval.com\/preprod\/wp-json\/wp\/v2\/pages\/1190\/revisions"}],"predecessor-version":[{"id":14908,"href":"https:\/\/preprod.syneval.com\/preprod\/wp-json\/wp\/v2\/pages\/1190\/revisions\/14908"}],"up":[{"embeddable":true,"href":"https:\/\/preprod.syneval.com\/preprod\/wp-json\/wp\/v2\/pages\/9428"}],"wp:attachment":[{"href":"https:\/\/preprod.syneval.com\/preprod\/wp-json\/wp\/v2\/media?parent=1190"}],"curies":[{"name":"wp","href":"https:\/\/api.w.org\/{rel}","templated":true}]}}